at is the greatest common factor of 167 and 142451?
167
Calculate the highest common factor of 911096 and 1464.
488
What is the greatest common divisor of 413 and 648056?
59
What is the highest common divisor of 20088 and 11656?
248
Calculate the highest common factor of 22944 and 1632.
96
Calculate the greatest common factor of 239466 and 1926.
642
Calculate the highest common divisor of 308308 and 77.
77
What is the highest common divisor of 55811 and 2278?
1139
Calculate the greatest common factor of 732328 and 24.
8
What is the greatest common factor of 216 and 39312?
216
Calculate the highest common factor of 879114 and 18.
6
What is the greatest common factor of 38491 and 4417?
631
Calculate the highest common divisor of 7 and 20593.
1
What is the greatest common divisor of 279190 and 20?
10
Calculate the highest common divisor of 2744 and 444.
4
What is the highest common factor of 8008 and 58520?
616
Calculate the greatest common divisor of 30992 and 6032.
208
Calculate the greatest common divisor of 4140977 and 419.
419
Calculate the greatest common divisor of 267420 and 780.
60
Calculate the greatest common factor of 15676 and 8.
4
Calculate the greatest common divisor of 600 and 13920.
120
What is the greatest common divisor of 35 and 3888465?
35
Calculate the highest common factor of 2217523 and 62.
31
Calculate the highest common divisor of 87 and 2514619.
29
What is the highest common divisor of 1749 and 40139?
11
Calculate the greatest common divisor of 261 and 2179089.
261
What is the highest common factor of 10440 and 20160?
360
Calculate the greatest common factor of 1330200 and 72.
72
Calculate the highest common factor of 5002 and 697.
41
What is the highest common factor of 86440 and 80?
40
What is the highest common divisor of 9200 and 1850?
50
Calculate the highest common divisor of 1185 and 249.
3
What is the highest common divisor of 126 and 111881?
7
Calculate the greatest common divisor of 4 and 10772.
4
Calculate the greatest common divisor of 3070650 and 15.
15
What is the greatest common divisor of 1841 and 105463?
263
Calculate the greatest common divisor of 571500 and 54.
18
Calculate the greatest common divisor of 1863 and 14697.
207
Calculate the greatest common divisor of 595009 and 3170.
317
What is the highest common factor of 1670 and 64940?
10
What is the greatest common divisor of 1083 and 52041?
57
Calculate the greatest common divisor of 38052 and 3276.
252
What is the highest common divisor of 944596 and 2568?
428
Calculate the highest common factor of 945 and 118881.
189
Calculate the highest common divisor of 4380 and 26061.
219
Calculate the greatest common factor of 355 and 105506.
71
What is the highest common divisor of 3304 and 58056?
472
What is the highest common factor of 120048 and 82?
82
Calculate the highest common divisor of 240 and 13360.
80
Calculate the highest common factor of 1120 and 791.
7
Calculate the highest common divisor of 57 and 9008679.
57
What is the highest common divisor of 62080 and 384?
128
Calculate the greatest common factor of 14841 and 2448.
153
What is the highest common divisor of 206 and 225982?
206
Calculate the highest common factor of 4886 and 84.
14
What is the highest common factor of 7068 and 2418?
186
What is the greatest common divisor of 24 and 288648?
24
Calculate the greatest common factor of 340908 and 12.
12
Calculate the greatest common factor of 17385 and 3705.
285
What is the greatest common divisor of 273831 and 6111?
291
What is the greatest common divisor of 610246 and 8281?
637
What is the greatest common factor of 4312 and 3724?
196
What is the greatest common factor of 84 and 12?
12
What is the greatest common factor of 5847 and 4227?
3
What is the highest common factor of 152 and 1498036?
76
What is the greatest common factor of 4 and 2427?
1
What is the greatest common factor of 2385 and 21730?
265
What is the highest common divisor of 8030 and 5402?
146
Calculate the greatest common divisor of 965 and 6205.
5
Calculate the greatest common factor of 833 and 3213.
119
What is the highest common divisor of 100 and 11540?
20
What is the greatest common divisor of 31339 and 32116?
259
Calculate the highest common divisor of 846549 and 891.
99
What is the highest common factor of 208 and 1157?
13
Calculate the greatest common factor of 99 and 431937.
99
Calculate the greatest common factor of 579 and 213.
3
What is the greatest common divisor of 74250 and 2871?
99
What is the greatest common divisor of 12638 and 3266?
142
What is the highest common factor of 5320 and 8816?
152
Calculate the greatest common factor of 2369 and 61903.
103
Calculate the greatest common divisor of 135 and 15555.
15
What is the highest common divisor of 572 and 778349?
143
Calculate the greatest common factor of 124943 and 14.
7
Calculate the greatest common factor of 94738 and 42.
14
What is the highest common divisor of 957 and 6523?
11
What is the greatest common factor of 372 and 965743?
31
What is the greatest common divisor of 8670 and 930?
30
Calculate the highest common factor of 3842 and 26112.
34
What is the greatest common divisor of 2673 and 1139589?
891
What is the greatest common factor of 45 and 943911?
9
Calculate the greatest common divisor of 1300734 and 90.
18
What is the greatest common factor of 20 and 20135?
5
What is the greatest common factor of 733858 and 422?
422
What is the greatest common factor of 588 and 8379?
147
What is the greatest common factor of 26 and 656162?
26
Calculate the greatest common factor of 2706 and 4334.
22
Calculate the highest common factor of 306 and 207162.
306
Calculate the greatest common divisor of 24771 and 1242.
69
Calculate the highest common factor of 7675 and 25825.
25
What is the greatest common factor of 16 and 1090256?
16
Calculate the greatest common divisor of 35990 and 890.
10
What is the highest common factor of 146 and 19766?
2
What is the greatest common factor of 172938 and 6806?
82
What is the greatest common factor of 4652390 and 680?
170
What is the greatest common factor of 1665 and 7363?
37
What is the highest common divisor of 1928 and 8?
8
Calculate the greatest common factor of 1122 and 143242.
374
What is the highest common factor of 2080 and 270660?
260
What is the greatest common divisor of 1374355 and 5?
5
Calculate the greatest common factor of 1851 and 69.
3
What is the highest common divisor of 21651 and 357?
21
Calculate the highest common factor of 1473254 and 34.
34
What is the greatest common divisor of 750384 and 135?
27
What is the highest common divisor of 12 and 601116?
12
What is the greatest common factor of 49288 and 152?
8
What is the greatest common factor of 22916 and 459?
17
What is the highest common factor of 115 and 4006646?
23
Calculate the greatest common factor of 45 and 172470.
15
What is the greatest common factor of 338 and 54470?
26
What is the greatest common factor of 152 and 4736434?
38
What is the greatest common divisor of 38742 and 2706?
66
Calculate the highest common factor of 25365 and 3705.
285
Calculate the greatest common factor of 16 and 403792.
16
What is the greatest common factor of 127 and 1502029?
127
Calculate the highest common factor of 5510 and 8410.
290
Calculate the highest common factor of 210023 and 4069.
313
What is the greatest common divisor of 20577 and 1330?
19
What is the greatest common divisor of 12 and 2148?
12
Calculate the highest common factor of 3440 and 8858.
86
Calculate the highest common factor of 15666 and 594562.
746
Calculate the greatest common divisor of 107308 and 193.
193
What is the greatest common factor of 920 and 81512?
184
What is the greatest common divisor of 15 and 67?
1
What is the greatest common factor of 1085 and 410375?
35
What is the highest common divisor of 365092 and 1456?
364
Calculate the greatest common divisor of 12006 and 870.
174
What is the highest common divisor of 40284 and 1188?
108
What is the highest common divisor of 330 and 35871?
33
Calculate the highest common factor of 215 and 301.
43
Calculate the greatest common divisor of 22382 and 248.
62
Calculate the highest common factor of 141 and 566679.
141
Calculate the highest common factor of 73 and 62269.
73
Calculate the